{"version":"1.0","provider_name":"","provider_url":"https:\/\/gihat.org","author_name":"GIHAT","author_url":"https:\/\/gihat.org\/index.php\/author\/admin2042\/","title":"Aplazada la presentaci\u00f3n del libro \"El anarquista errante\" -","type":"rich","width":600,"height":338,"html":"<blockquote class=\"wp-embedded-content\"><a href=\"https:\/\/gihat.org\/index.php\/2024\/04\/08\/presentacion-del-libro-el-anarquista-errante\/\">Aplazada la presentaci\u00f3n del libro \u00abEl anarquista errante\u00bb<\/a><\/blockquote>\n<script type='text\/javascript'>\n<!--\/\/--><![CDATA[\/\/><!--\n\t\t\/*! This file is auto-generated *\/\n\t\t!function(d,l){\"use strict\";var e=!1,n=!1;if(l.querySelector)if(d.addEventListener)e=!0;if(d.wp=d.wp||{},!d.wp.receiveEmbedMessage)if(d.wp.receiveEmbedMessage=function(e){var t=e.data;if(t)if(t.secret||t.message||t.value)if(!\/[^a-zA-Z0-9]\/.test(t.secret)){for(var r,i,a,s=l.querySelectorAll('iframe[data-secret=\"'+t.secret+'\"]'),n=l.querySelectorAll('blockquote[data-secret=\"'+t.secret+'\"]'),o=new RegExp(\"^https?:$\",\"i\"),c=0;c<n.length;c++)n[c].style.display=\"none\";for(c=0;c<s.length;c++)if(r=s[c],e.source===r.contentWindow){if(r.removeAttribute(\"style\"),\"height\"===t.message){if(1e3<(a=parseInt(t.value,10)))a=1e3;else if(~~a<200)a=200;r.height=a}if(\"link\"===t.message)if(i=l.createElement(\"a\"),a=l.createElement(\"a\"),i.href=r.getAttribute(\"src\"),a.href=t.value,o.test(a.protocol))if(a.host===i.host)if(l.activeElement===r)d.top.location.href=t.value}}},e)d.addEventListener(\"message\",d.wp.receiveEmbedMessage,!1),l.addEventListener(\"DOMContentLoaded\",t,!1),d.addEventListener(\"load\",t,!1);function t(){if(!n){n=!0;for(var e,t,r=-1!==navigator.appVersion.indexOf(\"MSIE 10\"),i=!!navigator.userAgent.match(\/Trident.*rv:11\\.\/),a=l.querySelectorAll(\"iframe.wp-embedded-content\"),s=0;s<a.length;s++){if(!(e=a[s]).getAttribute(\"data-secret\"))t=Math.random().toString(36).substr(2,10),e.src+=\"#?secret=\"+t,e.setAttribute(\"data-secret\",t);if(r||i)(t=e.cloneNode(!0)).removeAttribute(\"security\"),e.parentNode.replaceChild(t,e)}}}}(window,document);\n\/\/--><!]]>\n<\/script><iframe sandbox=\"allow-scripts\" security=\"restricted\" src=\"https:\/\/gihat.org\/index.php\/2024\/04\/08\/presentacion-del-libro-el-anarquista-errante\/embed\/\" width=\"600\" height=\"338\" title=\"\u00abAplazada la presentaci\u00f3n del libro \u00abEl anarquista errante\u00bb\u00bb \u2014 \" frameborder=\"0\" marginwidth=\"0\" marginheight=\"0\" scrolling=\"no\" class=\"wp-embedded-content\"><\/iframe>","description":"La presentaci\u00f3n del libro El anarquista errante La aventura transatl\u00e1ntica del tip\u00f3grafo Pedro Esteve (1865-1925) de Susana Sueiro Seoane que estaba prevista para el jueves, 11 de abril de 2024 ha tenido que ser aplazada. Les informaremos cuando se confirme una nueva fecha. M\u00e1s informaci\u00f3n del libro:https:\/\/www.marcialpons.es\/libros\/el-anarquista-errante\/9788418752827\/","thumbnail_url":"http:\/\/gihat.org\/wp-content\/uploads\/2024\/04\/Portada-Anarquista-Errante.jpg"}

Aplazada la presentación del libro "El anarquista errante" -

<blockquote class="wp-embedded-content"><a href="https://gihat.org/index.php/2024/04/08/presentacion-del-libro-el-anarquista-errante/">Aplazada la presentación del libro «El anarquista errante»</a></blockquote>
<script type='text/javascript'>
<!--//--><![CDATA[//><!--
		/*! This file is auto-generated */
		!function(d,l){"use strict";var e=!1,n=!1;if(l.querySelector)if(d.addEventListener)e=!0;if(d.wp=d.wp||{},!d.wp.receiveEmbedMessage)if(d.wp.receiveEmbedMessage=function(e){var t=e.data;if(t)if(t.secret||t.message||t.value)if(!/[^a-zA-Z0-9]/.test(t.secret)){for(var r,i,a,s=l.querySelectorAll('iframe[data-secret="'+t.secret+'"]'),n=l.querySelectorAll('blockquote[data-secret="'+t.secret+'"]'),o=new RegExp("^https?:$","i"),c=0;c<n.length;c++)n[c].style.display="none";for(c=0;c<s.length;c++)if(r=s[c],e.source===r.contentWindow){if(r.removeAttribute("style"),"height"===t.message){if(1e3<(a=parseInt(t.value,10)))a=1e3;else if(~~a<200)a=200;r.height=a}if("link"===t.message)if(i=l.createElement("a"),a=l.createElement("a"),i.href=r.getAttribute("src"),a.href=t.value,o.test(a.protocol))if(a.host===i.host)if(l.activeElement===r)d.top.location.href=t.value}}},e)d.addEventListener("message",d.wp.receiveEmbedMessage,!1),l.addEventListener("DOMContentLoaded",t,!1),d.addEventListener("load",t,!1);function t(){if(!n){n=!0;for(var e,t,r=-1!==navigator.appVersion.indexOf("MSIE 10"),i=!!navigator.userAgent.match(/Trident.*rv:11\./),a=l.querySelectorAll("iframe.wp-embedded-content"),s=0;s<a.length;s++){if(!(e=a[s]).getAttribute("data-secret"))t=Math.random().toString(36).substr(2,10),e.src+="#?secret="+t,e.setAttribute("data-secret",t);if(r||i)(t=e.cloneNode(!0)).removeAttribute("security"),e.parentNode.replaceChild(t,e)}}}}(window,document);
//--><!]]>
</script><iframe sandbox="allow-scripts" security="restricted" src="https://gihat.org/index.php/2024/04/08/presentacion-del-libro-el-anarquista-errante/embed/" width="600" height="338" title="«Aplazada la presentación del libro «El anarquista errante»» — " frameborder="0" marginwidth="0" marginheight="0" scrolling="no" class="wp-embedded-content"></iframe>

La presentación del libro El anarquista errante La aventura transatlántica del tipógrafo Pedro Esteve (1865-1925) de Susana Sueiro Seoane que estaba prevista para el jueves, 11 de abril de 2024 ha tenido que ser aplazada. Les informaremos cuando se confirme una nueva fecha. Más información del libro:https://www.marcialpons.es/libros/el-anarquista-errante/9788418752827/
