{"id":204,"date":"2021-05-06T16:52:28","date_gmt":"2021-05-06T14:52:28","guid":{"rendered":"http:\/\/gihat.org\/?page_id=204"},"modified":"2021-09-07T10:57:20","modified_gmt":"2021-09-07T08:57:20","slug":"juan-aviles-farre-2","status":"publish","type":"page","link":"https:\/\/gihat.org\/index.php\/participantes\/juan-aviles-farre-2\/","title":{"rendered":"Juan Avile\u0301s Farre\u0301"},"content":{"rendered":"\n<div class=\"wp-block-media-text alignwide is-stacked-on-mobile is-vertically-aligned-top is-style-default has-background has-white-background-color has-background\" style=\"grid-template-columns:39% auto\"><figure class=\"wp-block-media-text__media\"><img loading=\"lazy\" width=\"500\" height=\"500\" src=\"http:\/\/gihat.org\/wp-content\/uploads\/2021\/05\/Juan-Avile\u0301s-Farre\u0301.jpg\" alt=\"\" class=\"wp-image-170 size-full\" srcset=\"https:\/\/gihat.org\/wp-content\/uploads\/2021\/05\/Juan-Avile\u0301s-Farre\u0301.jpg 500w, https:\/\/gihat.org\/wp-content\/uploads\/2021\/05\/Juan-Avile\u0301s-Farre\u0301-300x300.jpg 300w, https:\/\/gihat.org\/wp-content\/uploads\/2021\/05\/Juan-Avile\u0301s-Farre\u0301-150x150.jpg 150w\" sizes=\"(max-width: 500px) 100vw, 500px\" \/><\/figure><div class=\"wp-block-media-text__content\">\n<p><\/p>\n\n\n\n<p>Catedr\u00e1tico em\u00e9rito de Historia contempor\u00e1nea de la Universidad Nacional de Educaci\u00f3n a Distancia. Sus investigaciones se han plasmado en una decena de libros y m\u00e1s de cuarenta art\u00edculos o cap\u00edtulos de libros. Entre sus obras cabe destacar:\u00a0 <em>La fe que vino de Rusia: la revoluci\u00f3n bolchevique y los espa\u00f1oles, 1917-1931<\/em> (1999), <em>La izquierda burguesa y la tragedia de la II Rep\u00fablica<\/em> (2006),\u00a0<em>La daga y la dinamita: los anarquistas y el nacimiento del terrorismo<\/em> (2013), e<em> Historia del terrorismo yihadista: de Al Qaeda a D\u00e1esh <\/em>(2017).<\/p>\n<\/div><\/div>\n","protected":false},"excerpt":{"rendered":"<p>Catedr\u00e1tico em\u00e9rito de Historia contempor\u00e1nea de la Universidad Nacional de Educaci\u00f3n a Distancia. Sus investigaciones se han plasmado en una decena de libros y m\u00e1s de cuarenta art\u00edculos o cap\u00edtulos de libros. Entre sus obras cabe destacar:\u00a0 La fe que vino de Rusia: la revoluci\u00f3n bolchevique y los espa\u00f1oles, 1917-1931 (1999), La izquierda burguesa y&hellip;&nbsp;<a href=\"https:\/\/gihat.org\/index.php\/participantes\/juan-aviles-farre-2\/\" class=\"\" rel=\"bookmark\">Leer m\u00e1s &raquo;<span class=\"screen-reader-text\">Juan Avile\u0301s Farre\u0301<\/span><\/a><\/p>\n","protected":false},"author":1,"featured_media":0,"parent":80,"menu_order":0,"comment_status":"closed","ping_status":"closed","template":"","meta":{"neve_meta_sidebar":"default","neve_meta_container":"","neve_meta_enable_content_width":"off","neve_meta_content_width":90,"neve_meta_title_alignment":"","neve_meta_author_avatar":"","neve_post_elements_order":"","neve_meta_disable_header":"","neve_meta_disable_footer":"","neve_meta_disable_title":""},"yoast_head":"<!-- This site is optimized with the Yoast SEO plugin v18.4.1 - https:\/\/yoast.com\/wordpress\/plugins\/seo\/ -->\n<title>Juan Avile\u0301s Farre\u0301 -<\/title>\n<meta name=\"robots\" content=\"index, follow, max-snippet:-1, max-image-preview:large, max-video-preview:-1\" \/>\n<link rel=\"canonical\" href=\"http:\/\/gihat.org\/index.php\/participantes\/juan-aviles-farre-2\/\" \/>\n<meta property=\"og:locale\" content=\"es_ES\" \/>\n<meta property=\"og:type\" content=\"article\" \/>\n<meta property=\"og:title\" content=\"Juan Avile\u0301s Farre\u0301 -\" \/>\n<meta property=\"og:description\" content=\"Catedr\u00e1tico em\u00e9rito de Historia contempor\u00e1nea de la Universidad Nacional de Educaci\u00f3n a Distancia. Sus investigaciones se han plasmado en una decena de libros y m\u00e1s de cuarenta art\u00edculos o cap\u00edtulos de libros. Entre sus obras cabe destacar:\u00a0 La fe que vino de Rusia: la revoluci\u00f3n bolchevique y los espa\u00f1oles, 1917-1931 (1999), La izquierda burguesa y&hellip;&nbsp;Leer m\u00e1s &raquo;Juan Avile\u0301s Farre\u0301\" \/>\n<meta property=\"og:url\" content=\"http:\/\/gihat.org\/index.php\/participantes\/juan-aviles-farre-2\/\" \/>\n<meta property=\"article:modified_time\" content=\"2021-09-07T08:57:20+00:00\" \/>\n<meta property=\"og:image\" content=\"http:\/\/gihat.org\/wp-content\/uploads\/2021\/05\/Juan-Avile\u0301s-Farre\u0301.jpg\" \/>\n<meta name=\"twitter:card\" content=\"summary_large_image\" \/>\n<meta name=\"twitter:label1\" content=\"Tiempo de lectura\" \/>\n\t<meta name=\"twitter:data1\" content=\"1 minuto\" \/>\n<script type=\"application\/ld+json\" class=\"yoast-schema-graph\">{\"@context\":\"https:\/\/schema.org\",\"@graph\":[{\"@type\":\"Organization\",\"@id\":\"https:\/\/gihat.org\/#organization\",\"name\":\"GIHAT, Grupo de Investigaci\u00f3n de Historia del Anarquismo Transnacional\",\"url\":\"https:\/\/gihat.org\/\",\"sameAs\":[],\"logo\":{\"@type\":\"ImageObject\",\"@id\":\"https:\/\/gihat.org\/#logo\",\"inLanguage\":\"es\",\"url\":\"http:\/\/gihat.org\/wp-content\/uploads\/2021\/04\/cropped-Gihat-Logo-2.gif\",\"contentUrl\":\"http:\/\/gihat.org\/wp-content\/uploads\/2021\/04\/cropped-Gihat-Logo-2.gif\",\"width\":282,\"height\":90,\"caption\":\"GIHAT, Grupo de Investigaci\u00f3n de Historia del Anarquismo Transnacional\"},\"image\":{\"@id\":\"https:\/\/gihat.org\/#logo\"}},{\"@type\":\"WebSite\",\"@id\":\"https:\/\/gihat.org\/#website\",\"url\":\"https:\/\/gihat.org\/\",\"name\":\"\",\"description\":\"\",\"publisher\":{\"@id\":\"https:\/\/gihat.org\/#organization\"},\"potentialAction\":[{\"@type\":\"SearchAction\",\"target\":{\"@type\":\"EntryPoint\",\"urlTemplate\":\"https:\/\/gihat.org\/?s={search_term_string}\"},\"query-input\":\"required name=search_term_string\"}],\"inLanguage\":\"es\"},{\"@type\":\"ImageObject\",\"@id\":\"http:\/\/gihat.org\/index.php\/participantes\/juan-aviles-farre-2\/#primaryimage\",\"inLanguage\":\"es\",\"url\":\"https:\/\/gihat.org\/wp-content\/uploads\/2021\/05\/Juan-Avile\u0301s-Farre\u0301.jpg\",\"contentUrl\":\"https:\/\/gihat.org\/wp-content\/uploads\/2021\/05\/Juan-Avile\u0301s-Farre\u0301.jpg\",\"width\":500,\"height\":500},{\"@type\":\"WebPage\",\"@id\":\"http:\/\/gihat.org\/index.php\/participantes\/juan-aviles-farre-2\/#webpage\",\"url\":\"http:\/\/gihat.org\/index.php\/participantes\/juan-aviles-farre-2\/\",\"name\":\"Juan Avile\u0301s Farre\u0301 -\",\"isPartOf\":{\"@id\":\"https:\/\/gihat.org\/#website\"},\"primaryImageOfPage\":{\"@id\":\"http:\/\/gihat.org\/index.php\/participantes\/juan-aviles-farre-2\/#primaryimage\"},\"datePublished\":\"2021-05-06T14:52:28+00:00\",\"dateModified\":\"2021-09-07T08:57:20+00:00\",\"breadcrumb\":{\"@id\":\"http:\/\/gihat.org\/index.php\/participantes\/juan-aviles-farre-2\/#breadcrumb\"},\"inLanguage\":\"es\",\"potentialAction\":[{\"@type\":\"ReadAction\",\"target\":[\"http:\/\/gihat.org\/index.php\/participantes\/juan-aviles-farre-2\/\"]}]},{\"@type\":\"BreadcrumbList\",\"@id\":\"http:\/\/gihat.org\/index.php\/participantes\/juan-aviles-farre-2\/#breadcrumb\",\"itemListElement\":[{\"@type\":\"ListItem\",\"position\":1,\"name\":\"Portada\",\"item\":\"https:\/\/gihat.org\/\"},{\"@type\":\"ListItem\",\"position\":2,\"name\":\"Participantes\",\"item\":\"https:\/\/gihat.org\/index.php\/participantes\/\"},{\"@type\":\"ListItem\",\"position\":3,\"name\":\"Juan Avile\u0301s Farre\u0301\"}]}]}<\/script>\n<!-- \/ Yoast SEO plugin. -->","yoast_head_json":{"title":"Juan Avile\u0301s Farre\u0301 -","robots":{"index":"index","follow":"follow","max-snippet":"max-snippet:-1","max-image-preview":"max-image-preview:large","max-video-preview":"max-video-preview:-1"},"canonical":"http:\/\/gihat.org\/index.php\/participantes\/juan-aviles-farre-2\/","og_locale":"es_ES","og_type":"article","og_title":"Juan Avile\u0301s Farre\u0301 -","og_description":"Catedr\u00e1tico em\u00e9rito de Historia contempor\u00e1nea de la Universidad Nacional de Educaci\u00f3n a Distancia. Sus investigaciones se han plasmado en una decena de libros y m\u00e1s de cuarenta art\u00edculos o cap\u00edtulos de libros. Entre sus obras cabe destacar:\u00a0 La fe que vino de Rusia: la revoluci\u00f3n bolchevique y los espa\u00f1oles, 1917-1931 (1999), La izquierda burguesa y&hellip;&nbsp;Leer m\u00e1s &raquo;Juan Avile\u0301s Farre\u0301","og_url":"http:\/\/gihat.org\/index.php\/participantes\/juan-aviles-farre-2\/","article_modified_time":"2021-09-07T08:57:20+00:00","og_image":[{"url":"http:\/\/gihat.org\/wp-content\/uploads\/2021\/05\/Juan-Avile\u0301s-Farre\u0301.jpg"}],"twitter_card":"summary_large_image","twitter_misc":{"Tiempo de lectura":"1 minuto"},"schema":{"@context":"https:\/\/schema.org","@graph":[{"@type":"Organization","@id":"https:\/\/gihat.org\/#organization","name":"GIHAT, Grupo de Investigaci\u00f3n de Historia del Anarquismo Transnacional","url":"https:\/\/gihat.org\/","sameAs":[],"logo":{"@type":"ImageObject","@id":"https:\/\/gihat.org\/#logo","inLanguage":"es","url":"http:\/\/gihat.org\/wp-content\/uploads\/2021\/04\/cropped-Gihat-Logo-2.gif","contentUrl":"http:\/\/gihat.org\/wp-content\/uploads\/2021\/04\/cropped-Gihat-Logo-2.gif","width":282,"height":90,"caption":"GIHAT, Grupo de Investigaci\u00f3n de Historia del Anarquismo Transnacional"},"image":{"@id":"https:\/\/gihat.org\/#logo"}},{"@type":"WebSite","@id":"https:\/\/gihat.org\/#website","url":"https:\/\/gihat.org\/","name":"","description":"","publisher":{"@id":"https:\/\/gihat.org\/#organization"},"potentialAction":[{"@type":"SearchAction","target":{"@type":"EntryPoint","urlTemplate":"https:\/\/gihat.org\/?s={search_term_string}"},"query-input":"required name=search_term_string"}],"inLanguage":"es"},{"@type":"ImageObject","@id":"http:\/\/gihat.org\/index.php\/participantes\/juan-aviles-farre-2\/#primaryimage","inLanguage":"es","url":"https:\/\/gihat.org\/wp-content\/uploads\/2021\/05\/Juan-Avile\u0301s-Farre\u0301.jpg","contentUrl":"https:\/\/gihat.org\/wp-content\/uploads\/2021\/05\/Juan-Avile\u0301s-Farre\u0301.jpg","width":500,"height":500},{"@type":"WebPage","@id":"http:\/\/gihat.org\/index.php\/participantes\/juan-aviles-farre-2\/#webpage","url":"http:\/\/gihat.org\/index.php\/participantes\/juan-aviles-farre-2\/","name":"Juan Avile\u0301s Farre\u0301 -","isPartOf":{"@id":"https:\/\/gihat.org\/#website"},"primaryImageOfPage":{"@id":"http:\/\/gihat.org\/index.php\/participantes\/juan-aviles-farre-2\/#primaryimage"},"datePublished":"2021-05-06T14:52:28+00:00","dateModified":"2021-09-07T08:57:20+00:00","breadcrumb":{"@id":"http:\/\/gihat.org\/index.php\/participantes\/juan-aviles-farre-2\/#breadcrumb"},"inLanguage":"es","potentialAction":[{"@type":"ReadAction","target":["http:\/\/gihat.org\/index.php\/participantes\/juan-aviles-farre-2\/"]}]},{"@type":"BreadcrumbList","@id":"http:\/\/gihat.org\/index.php\/participantes\/juan-aviles-farre-2\/#breadcrumb","itemListElement":[{"@type":"ListItem","position":1,"name":"Portada","item":"https:\/\/gihat.org\/"},{"@type":"ListItem","position":2,"name":"Participantes","item":"https:\/\/gihat.org\/index.php\/participantes\/"},{"@type":"ListItem","position":3,"name":"Juan Avile\u0301s Farre\u0301"}]}]}},"_links":{"self":[{"href":"https:\/\/gihat.org\/index.php\/wp-json\/wp\/v2\/pages\/204"}],"collection":[{"href":"https:\/\/gihat.org\/index.php\/wp-json\/wp\/v2\/pages"}],"about":[{"href":"https:\/\/gihat.org\/index.php\/wp-json\/wp\/v2\/types\/page"}],"author":[{"embeddable":true,"href":"https:\/\/gihat.org\/index.php\/wp-json\/wp\/v2\/users\/1"}],"replies":[{"embeddable":true,"href":"https:\/\/gihat.org\/index.php\/wp-json\/wp\/v2\/comments?post=204"}],"version-history":[{"count":4,"href":"https:\/\/gihat.org\/index.php\/wp-json\/wp\/v2\/pages\/204\/revisions"}],"predecessor-version":[{"id":329,"href":"https:\/\/gihat.org\/index.php\/wp-json\/wp\/v2\/pages\/204\/revisions\/329"}],"up":[{"embeddable":true,"href":"https:\/\/gihat.org\/index.php\/wp-json\/wp\/v2\/pages\/80"}],"wp:attachment":[{"href":"https:\/\/gihat.org\/index.php\/wp-json\/wp\/v2\/media?parent=204"}],"curies":[{"name":"wp","href":"https:\/\/api.w.org\/{rel}","templated":true}]}}

<div class="wp-block-media-text alignwide is-stacked-on-mobile is-vertically-aligned-top is-style-default has-background has-white-background-color has-background" style="grid-template-columns:39% auto"><figure class="wp-block-media-text__media"><img loading="lazy" width="500" height="500" src="http://gihat.org/wp-content/uploads/2021/05/Juan-Avilés-Farré.jpg" alt="" class="wp-image-170 size-full" srcset="https://gihat.org/wp-content/uploads/2021/05/Juan-Avilés-Farré.jpg 500w, https://gihat.org/wp-content/uploads/2021/05/Juan-Avilés-Farré-300x300.jpg 300w, https://gihat.org/wp-content/uploads/2021/05/Juan-Avilés-Farré-150x150.jpg 150w" sizes="(max-width: 500px) 100vw, 500px" /></figure><div class="wp-block-media-text__content">
<p></p>



<p>Catedrático emérito de Historia contemporánea de la Universidad Nacional de Educación a Distancia. Sus investigaciones se han plasmado en una decena de libros y más de cuarenta artículos o capítulos de libros. Entre sus obras cabe destacar:  <em>La fe que vino de Rusia: la revolución bolchevique y los españoles, 1917-1931</em> (1999), <em>La izquierda burguesa y la tragedia de la II República</em> (2006), <em>La daga y la dinamita: los anarquistas y el nacimiento del terrorismo</em> (2013), e<em> Historia del terrorismo yihadista: de Al Qaeda a Dáesh </em>(2017).</p>
</div></div>

<p>Catedrático emérito de Historia contemporánea de la Universidad Nacional de Educación a Distancia. Sus investigaciones se han plasmado en una decena de libros y más de cuarenta artículos o capítulos de libros. Entre sus obras cabe destacar:  La fe que vino de Rusia: la revolución bolchevique y los españoles, 1917-1931 (1999), La izquierda burguesa y&hellip;&nbsp;<a href="https://gihat.org/index.php/participantes/juan-aviles-farre-2/" class="" rel="bookmark">Leer más &raquo;<span class="screen-reader-text">Juan Avilés Farré</span></a></p>

<!-- This site is optimized with the Yoast SEO plugin v18.4.1 - https://yoast.com/wordpress/plugins/seo/ -->
<title>Juan Avilés Farré -</title>
<meta name="robots" content="index, follow, max-snippet:-1, max-image-preview:large, max-video-preview:-1" />
<link rel="canonical" href="http://gihat.org/index.php/participantes/juan-aviles-farre-2/" />
<meta property="og:locale" content="es_ES" />
<meta property="og:type" content="article" />
<meta property="og:title" content="Juan Avilés Farré -" />
<meta property="og:description" content="Catedrático emérito de Historia contemporánea de la Universidad Nacional de Educación a Distancia. Sus investigaciones se han plasmado en una decena de libros y más de cuarenta artículos o capítulos de libros. Entre sus obras cabe destacar:  La fe que vino de Rusia: la revolución bolchevique y los españoles, 1917-1931 (1999), La izquierda burguesa y&hellip;&nbsp;Leer más &raquo;Juan Avilés Farré" />
<meta property="og:url" content="http://gihat.org/index.php/participantes/juan-aviles-farre-2/" />
<meta property="article:modified_time" content="2021-09-07T08:57:20+00:00" />
<meta property="og:image" content="http://gihat.org/wp-content/uploads/2021/05/Juan-Avilés-Farré.jpg" />
<meta name="twitter:card" content="summary_large_image" />
<meta name="twitter:label1" content="Tiempo de lectura" />
	<meta name="twitter:data1" content="1 minuto" />
<script type="application/ld+json" class="yoast-schema-graph">{"@context":"https://schema.org","@graph":[{"@type":"Organization","@id":"https://gihat.org/#organization","name":"GIHAT, Grupo de Investigación de Historia del Anarquismo Transnacional","url":"https://gihat.org/","sameAs":[],"logo":{"@type":"ImageObject","@id":"https://gihat.org/#logo","inLanguage":"es","url":"http://gihat.org/wp-content/uploads/2021/04/cropped-Gihat-Logo-2.gif","contentUrl":"http://gihat.org/wp-content/uploads/2021/04/cropped-Gihat-Logo-2.gif","width":282,"height":90,"caption":"GIHAT, Grupo de Investigación de Historia del Anarquismo Transnacional"},"image":{"@id":"https://gihat.org/#logo"}},{"@type":"WebSite","@id":"https://gihat.org/#website","url":"https://gihat.org/","name":"","description":"","publisher":{"@id":"https://gihat.org/#organization"},"potentialAction":[{"@type":"SearchAction","target":{"@type":"EntryPoint","urlTemplate":"https://gihat.org/?s={search_term_string}"},"query-input":"required name=search_term_string"}],"inLanguage":"es"},{"@type":"ImageObject","@id":"http://gihat.org/index.php/participantes/juan-aviles-farre-2/#primaryimage","inLanguage":"es","url":"https://gihat.org/wp-content/uploads/2021/05/Juan-Avilés-Farré.jpg","contentUrl":"https://gihat.org/wp-content/uploads/2021/05/Juan-Avilés-Farré.jpg","width":500,"height":500},{"@type":"WebPage","@id":"http://gihat.org/index.php/participantes/juan-aviles-farre-2/#webpage","url":"http://gihat.org/index.php/participantes/juan-aviles-farre-2/","name":"Juan Avilés Farré -","isPartOf":{"@id":"https://gihat.org/#website"},"primaryImageOfPage":{"@id":"http://gihat.org/index.php/participantes/juan-aviles-farre-2/#primaryimage"},"datePublished":"2021-05-06T14:52:28+00:00","dateModified":"2021-09-07T08:57:20+00:00","breadcrumb":{"@id":"http://gihat.org/index.php/participantes/juan-aviles-farre-2/#breadcrumb"},"inLanguage":"es","potentialAction":[{"@type":"ReadAction","target":["http://gihat.org/index.php/participantes/juan-aviles-farre-2/"]}]},{"@type":"BreadcrumbList","@id":"http://gihat.org/index.php/participantes/juan-aviles-farre-2/#breadcrumb","itemListElement":[{"@type":"ListItem","position":1,"name":"Portada","item":"https://gihat.org/"},{"@type":"ListItem","position":2,"name":"Participantes","item":"https://gihat.org/index.php/participantes/"},{"@type":"ListItem","position":3,"name":"Juan Avilés Farré"}]}]}</script>
<!-- / Yoast SEO plugin. -->

Catedrático emérito de Historia contemporánea de la Universidad Nacional de Educación a Distancia. Sus investigaciones se han plasmado en una decena de libros y más de cuarenta artículos o capítulos de libros. Entre sus obras cabe destacar:  La fe que vino de Rusia: la revolución bolchevique y los españoles, 1917-1931 (1999), La izquierda burguesa y&hellip;&nbsp;Leer más &raquo;Juan Avilés Farré

GIHAT, Grupo de Investigación de Historia del Anarquismo Transnacional
