{"id":26,"date":"2021-04-18T18:56:10","date_gmt":"2021-04-18T16:56:10","guid":{"rendered":"http:\/\/gihat.org\/?page_id=26"},"modified":"2022-06-24T08:51:12","modified_gmt":"2022-06-24T06:51:12","slug":"quienes-somos","status":"publish","type":"page","link":"https:\/\/gihat.org\/","title":{"rendered":"Qui\u00e9nes somos"},"content":{"rendered":"\n<div class=\"wp-block-nextend-smartslider3\"><\/div>\n\n\n\n<p><\/p>\n\n\n\n<p style=\"font-size:15px\"><strong>GIHAT, Grupo de Investigaci\u00f3n del Anarquismo Transnacional<\/strong><\/p>\n\n\n\n<p style=\"font-size:14px\">A la luz de las innovaciones metodol\u00f3gicas y de perspectivas desarrolladas en los \u00faltimos a\u00f1os en la historiograf\u00eda, los estudios en torno al mundo libertario han vivido una profunda revitalizaci\u00f3n. Como consecuencia de la construcci\u00f3n de los estados-naci\u00f3n desde el siglo XIX y la identificaci\u00f3n casi incuestionable de la \u00abnaci\u00f3n soberana\u00bb con una territorialidad definida, la historiograf\u00eda, nacida en este mismo contexto, se vio muy limitada a las definiciones fronterizas.&nbsp; La historia transnacional ha permitido una superaci\u00f3n de estas limitaciones metodol\u00f3gicas partiendo de la premisa de que las fronteras no fueron, ni son, estancas.<\/p>\n\n\n\n<p style=\"font-size:14px\">A este respecto, el anarquismo, que ha sido definido por Jos\u00e9 Moya como \u00abel primer y m\u00e1s extendido movimiento transnacional del mundo, organizado desde abajo y sin partidos pol\u00edticos formales\u00bb, es uno de los mejores ejemplos de la necesidad de esta historia transnacional.<\/p>\n\n\n\n<p style=\"font-size:14px\">A la luz de este desaf\u00edo historiogr\u00e1fico nace el\u00a0<strong>Grupo de Investigaci\u00f3n de Historia del Anarquismo Transnacional (GIHAT)<\/strong>. As\u00ed, consideramos que cuanto mayor sea la colaboraci\u00f3n internacional, mayor ser\u00e1 la calidad de los estudios transnacionales.<\/p>\n\n\n\n<div class=\"wp-block-image is-style-default\"><figure class=\"alignright size-large is-resized\"><a href=\"https:\/\/uned50.es\/\" target=\"_blank\" rel=\"noopener\"><img loading=\"lazy\" src=\"http:\/\/gihat.org\/wp-content\/uploads\/2022\/06\/UNED-50.gif\" alt=\"\" class=\"wp-image-400\" width=\"75\" height=\"83\"\/><\/a><\/figure><\/div>\n","protected":false},"excerpt":{"rendered":"<p>GIHAT, Grupo de Investigaci\u00f3n del Anarquismo Transnacional A la luz de las innovaciones metodol\u00f3gicas y de perspectivas desarrolladas en los \u00faltimos a\u00f1os en la historiograf\u00eda, los estudios en torno al mundo libertario han vivido una profunda revitalizaci\u00f3n. Como consecuencia de la construcci\u00f3n de los estados-naci\u00f3n desde el siglo XIX y la identificaci\u00f3n casi incuestionable de&hellip;&nbsp;<a href=\"https:\/\/gihat.org\/\" class=\"\" rel=\"bookmark\">Leer m\u00e1s &raquo;<span class=\"screen-reader-text\">Qui\u00e9nes somos<\/span><\/a><\/p>\n","protected":false},"author":1,"featured_media":0,"parent":0,"menu_order":0,"comment_status":"closed","ping_status":"closed","template":"","meta":{"neve_meta_sidebar":"","neve_meta_container":"","neve_meta_enable_content_width":"","neve_meta_content_width":0,"neve_meta_title_alignment":"","neve_meta_author_avatar":"","neve_post_elements_order":"","neve_meta_disable_header":"","neve_meta_disable_footer":"","neve_meta_disable_title":""},"yoast_head":"<!-- This site is optimized with the Yoast SEO plugin v18.4.1 - https:\/\/yoast.com\/wordpress\/plugins\/seo\/ -->\n<title>Qui\u00e9nes somos -<\/title>\n<meta name=\"description\" content=\"GIHAT, Grupo de Investigaci\u00f3n del Anarquismo Transnacional\" \/>\n<meta name=\"robots\" content=\"index, follow, max-snippet:-1, max-image-preview:large, max-video-preview:-1\" \/>\n<link rel=\"canonical\" href=\"https:\/\/gihat.org\/\" \/>\n<meta property=\"og:locale\" content=\"es_ES\" \/>\n<meta property=\"og:type\" content=\"article\" \/>\n<meta property=\"og:title\" content=\"Qui\u00e9nes somos -\" \/>\n<meta property=\"og:description\" content=\"GIHAT, Grupo de Investigaci\u00f3n del Anarquismo Transnacional\" \/>\n<meta property=\"og:url\" content=\"https:\/\/gihat.org\/\" \/>\n<meta property=\"article:modified_time\" content=\"2022-06-24T06:51:12+00:00\" \/>\n<meta property=\"og:image\" content=\"http:\/\/gihat.org\/wp-content\/uploads\/2022\/06\/UNED-50.gif\" \/>\n<meta name=\"twitter:card\" content=\"summary_large_image\" \/>\n<meta name=\"twitter:label1\" content=\"Tiempo de lectura\" \/>\n\t<meta name=\"twitter:data1\" content=\"2 minutos\" \/>\n<script type=\"application\/ld+json\" class=\"yoast-schema-graph\">{\"@context\":\"https:\/\/schema.org\",\"@graph\":[{\"@type\":\"Organization\",\"@id\":\"https:\/\/gihat.org\/#organization\",\"name\":\"GIHAT, Grupo de Investigaci\u00f3n de Historia del Anarquismo Transnacional\",\"url\":\"https:\/\/gihat.org\/\",\"sameAs\":[],\"logo\":{\"@type\":\"ImageObject\",\"@id\":\"https:\/\/gihat.org\/#logo\",\"inLanguage\":\"es\",\"url\":\"http:\/\/gihat.org\/wp-content\/uploads\/2021\/04\/cropped-Gihat-Logo-2.gif\",\"contentUrl\":\"http:\/\/gihat.org\/wp-content\/uploads\/2021\/04\/cropped-Gihat-Logo-2.gif\",\"width\":282,\"height\":90,\"caption\":\"GIHAT, Grupo de Investigaci\u00f3n de Historia del Anarquismo Transnacional\"},\"image\":{\"@id\":\"https:\/\/gihat.org\/#logo\"}},{\"@type\":\"WebSite\",\"@id\":\"https:\/\/gihat.org\/#website\",\"url\":\"https:\/\/gihat.org\/\",\"name\":\"\",\"description\":\"\",\"publisher\":{\"@id\":\"https:\/\/gihat.org\/#organization\"},\"potentialAction\":[{\"@type\":\"SearchAction\",\"target\":{\"@type\":\"EntryPoint\",\"urlTemplate\":\"https:\/\/gihat.org\/?s={search_term_string}\"},\"query-input\":\"required name=search_term_string\"}],\"inLanguage\":\"es\"},{\"@type\":\"ImageObject\",\"@id\":\"https:\/\/gihat.org\/#primaryimage\",\"inLanguage\":\"es\",\"url\":\"https:\/\/gihat.org\/wp-content\/uploads\/2022\/06\/UNED-50.gif\",\"contentUrl\":\"https:\/\/gihat.org\/wp-content\/uploads\/2022\/06\/UNED-50.gif\",\"width\":200,\"height\":222},{\"@type\":\"WebPage\",\"@id\":\"https:\/\/gihat.org\/#webpage\",\"url\":\"https:\/\/gihat.org\/\",\"name\":\"Qui\u00e9nes somos -\",\"isPartOf\":{\"@id\":\"https:\/\/gihat.org\/#website\"},\"primaryImageOfPage\":{\"@id\":\"https:\/\/gihat.org\/#primaryimage\"},\"datePublished\":\"2021-04-18T16:56:10+00:00\",\"dateModified\":\"2022-06-24T06:51:12+00:00\",\"description\":\"GIHAT, Grupo de Investigaci\u00f3n del Anarquismo Transnacional\",\"breadcrumb\":{\"@id\":\"https:\/\/gihat.org\/#breadcrumb\"},\"inLanguage\":\"es\",\"potentialAction\":[{\"@type\":\"ReadAction\",\"target\":[\"https:\/\/gihat.org\/\"]}]},{\"@type\":\"BreadcrumbList\",\"@id\":\"https:\/\/gihat.org\/#breadcrumb\",\"itemListElement\":[{\"@type\":\"ListItem\",\"position\":1,\"name\":\"Portada\",\"item\":\"https:\/\/gihat.org\/\"},{\"@type\":\"ListItem\",\"position\":2,\"name\":\"Qui\u00e9nes somos\"}]}]}<\/script>\n<!-- \/ Yoast SEO plugin. -->","yoast_head_json":{"title":"Qui\u00e9nes somos -","description":"GIHAT, Grupo de Investigaci\u00f3n del Anarquismo Transnacional","robots":{"index":"index","follow":"follow","max-snippet":"max-snippet:-1","max-image-preview":"max-image-preview:large","max-video-preview":"max-video-preview:-1"},"canonical":"https:\/\/gihat.org\/","og_locale":"es_ES","og_type":"article","og_title":"Qui\u00e9nes somos -","og_description":"GIHAT, Grupo de Investigaci\u00f3n del Anarquismo Transnacional","og_url":"https:\/\/gihat.org\/","article_modified_time":"2022-06-24T06:51:12+00:00","og_image":[{"url":"http:\/\/gihat.org\/wp-content\/uploads\/2022\/06\/UNED-50.gif"}],"twitter_card":"summary_large_image","twitter_misc":{"Tiempo de lectura":"2 minutos"},"schema":{"@context":"https:\/\/schema.org","@graph":[{"@type":"Organization","@id":"https:\/\/gihat.org\/#organization","name":"GIHAT, Grupo de Investigaci\u00f3n de Historia del Anarquismo Transnacional","url":"https:\/\/gihat.org\/","sameAs":[],"logo":{"@type":"ImageObject","@id":"https:\/\/gihat.org\/#logo","inLanguage":"es","url":"http:\/\/gihat.org\/wp-content\/uploads\/2021\/04\/cropped-Gihat-Logo-2.gif","contentUrl":"http:\/\/gihat.org\/wp-content\/uploads\/2021\/04\/cropped-Gihat-Logo-2.gif","width":282,"height":90,"caption":"GIHAT, Grupo de Investigaci\u00f3n de Historia del Anarquismo Transnacional"},"image":{"@id":"https:\/\/gihat.org\/#logo"}},{"@type":"WebSite","@id":"https:\/\/gihat.org\/#website","url":"https:\/\/gihat.org\/","name":"","description":"","publisher":{"@id":"https:\/\/gihat.org\/#organization"},"potentialAction":[{"@type":"SearchAction","target":{"@type":"EntryPoint","urlTemplate":"https:\/\/gihat.org\/?s={search_term_string}"},"query-input":"required name=search_term_string"}],"inLanguage":"es"},{"@type":"ImageObject","@id":"https:\/\/gihat.org\/#primaryimage","inLanguage":"es","url":"https:\/\/gihat.org\/wp-content\/uploads\/2022\/06\/UNED-50.gif","contentUrl":"https:\/\/gihat.org\/wp-content\/uploads\/2022\/06\/UNED-50.gif","width":200,"height":222},{"@type":"WebPage","@id":"https:\/\/gihat.org\/#webpage","url":"https:\/\/gihat.org\/","name":"Qui\u00e9nes somos -","isPartOf":{"@id":"https:\/\/gihat.org\/#website"},"primaryImageOfPage":{"@id":"https:\/\/gihat.org\/#primaryimage"},"datePublished":"2021-04-18T16:56:10+00:00","dateModified":"2022-06-24T06:51:12+00:00","description":"GIHAT, Grupo de Investigaci\u00f3n del Anarquismo Transnacional","breadcrumb":{"@id":"https:\/\/gihat.org\/#breadcrumb"},"inLanguage":"es","potentialAction":[{"@type":"ReadAction","target":["https:\/\/gihat.org\/"]}]},{"@type":"BreadcrumbList","@id":"https:\/\/gihat.org\/#breadcrumb","itemListElement":[{"@type":"ListItem","position":1,"name":"Portada","item":"https:\/\/gihat.org\/"},{"@type":"ListItem","position":2,"name":"Qui\u00e9nes somos"}]}]}},"_links":{"self":[{"href":"https:\/\/gihat.org\/index.php\/wp-json\/wp\/v2\/pages\/26"}],"collection":[{"href":"https:\/\/gihat.org\/index.php\/wp-json\/wp\/v2\/pages"}],"about":[{"href":"https:\/\/gihat.org\/index.php\/wp-json\/wp\/v2\/types\/page"}],"author":[{"embeddable":true,"href":"https:\/\/gihat.org\/index.php\/wp-json\/wp\/v2\/users\/1"}],"replies":[{"embeddable":true,"href":"https:\/\/gihat.org\/index.php\/wp-json\/wp\/v2\/comments?post=26"}],"version-history":[{"count":11,"href":"https:\/\/gihat.org\/index.php\/wp-json\/wp\/v2\/pages\/26\/revisions"}],"predecessor-version":[{"id":412,"href":"https:\/\/gihat.org\/index.php\/wp-json\/wp\/v2\/pages\/26\/revisions\/412"}],"wp:attachment":[{"href":"https:\/\/gihat.org\/index.php\/wp-json\/wp\/v2\/media?parent=26"}],"curies":[{"name":"wp","href":"https:\/\/api.w.org\/{rel}","templated":true}]}}